 thousands digit of 137083?
3
What is the tens digit of 1181?
8
What is the thousands digit of 1044?
1
What is the hundreds digit of 748?
7
What is the ten thousands digit of 78017?
7
What is the thousands digit of 3259?
3
What is the units digit of 9051?
1
What is the tens digit of 1146?
4
What is the hundreds digit of 6563?
5
What is the tens digit of 144942?
4
What is the thousands digit of 1223?
1
What is the units digit of 1228?
8
What is the units digit of 28892?
2
What is the thousands digit of 18151?
8
What is the thousands digit of 1119?
1
What is the units digit of 14746?
6
What is the ten thousands digit of 58873?
5
What is the units digit of 16984?
4
What is the tens digit of 635?
3
What is the hundreds digit of 560?
5
What is the units digit of 9133?
3
What is the units digit of 552?
2
What is the thousands digit of 41497?
1
What is the hundreds digit of 14581?
5
What is the units digit of 29878?
8
What is the thousands digit of 7514?
7
What is the units digit of 65297?
7
What is the thousands digit of 5734?
5
What is the hundreds digit of 1419?
4
What is the ten thousands digit of 19526?
1
What is the tens digit of 24695?
9
What is the thousands digit of 7935?
7
What is the hundreds digit of 203?
2
What is the hundreds digit of 45306?
3
What is the thousands digit of 188318?
8
What is the units digit of 167?
7
What is the thousands digit of 1127?
1
What is the tens digit of 34?
3
What is the hundreds digit of 6147?
1
What is the units digit of 58464?
4
What is the tens digit of 3324?
2
What is the thousands digit of 2134?
2
What is the units digit of 313?
3
What is the units digit of 3601?
1
What is the hundreds digit of 51755?
7
What is the hundreds digit of 39615?
6
What is the ten thousands digit of 20897?
2
What is the hundreds digit of 373?
3
What is the hundreds digit of 108325?
3
What is the units digit of 1818?
8
What is the tens digit of 923?
2
What is the thousands digit of 5630?
5
What is the hundreds digit of 143105?
1
What is the hundreds digit of 94797?
7
What is the thousands digit of 8257?
8
What is the tens digit of 36035?
3
What is the hundreds digit of 409?
4
What is the units digit of 3788?
8
What is the units digit of 19657?
7
What is the thousands digit of 8513?
8
What is the units digit of 594?
4
What is the thousands digit of 40858?
0
What is the hundreds digit of 12578?
5
What is the units digit of 7641?
1
What is the ten thousands digit of 95326?
9
What is the units digit of 2695?
5
What is the thousands digit of 3311?
3
What is the thousands digit of 37597?
7
What is the hundreds digit of 26525?
5
What is the tens digit of 16590?
9
What is the tens digit of 54884?
8
What is the tens digit of 521?
2
What is the units digit of 2334?
4
What is the ten thousands digit of 12474?
1
What is the units digit of 4687?
7
What is the hundreds digit of 1382?
3
What is the thousands digit of 1240?
1
What is the tens digit of 7693?
9
What is the units digit of 1636?
6
What is the hundreds digit of 3806?
8
What is the ten thousands digit of 15356?
1
What is the hundred thousands digit of 119866?
1
What is the tens digit of 1239?
3
What is the tens digit of 71619?
1
What is the hundreds digit of 10564?
5
What is the tens digit of 15082?
8
What is the tens digit of 71446?
4
What is the hundreds digit of 7554?
5
What is the thousands digit of 1019?
1
What is the hundreds digit of 10212?
2
What is the units digit of 41598?
8
What is the hundreds digit of 783?
7
What is the thousands digit of 1396?
1
What is the tens digit of 1490?
9
What is the units digit of 18227?
7
What is the hundreds digit of 2498?
4
What is the hundreds digit of 993?
9
What is the hundreds digit of 11015?
0
What is the units digit of 40758?
8
What is the units digit of 7204?
4
What is the hundreds digit of 134?
1
What is the thousands digit of 99324?
9
What is the ten thousands digit of 127570?
2
What is the thousands digit of 7155?
7
What is the tens digit of 1459?
5
What is the ten thousands digit of 12877?
1
What is the thousands digit of 1303?
1
What is the hundreds digit of 2135?
1
What is the units digit of 4916?
6
What is the units digit of 11325?
5
What is the ten thousands digit of 10996?
1
What is the hundreds digit of 8760?
7
What is the hundreds digit of 19978?
9
What is the tens digit of 135861?
6
What is the units digit of 80851?
1
What is the units digit of 54066?
6
What is the hundreds digit of 6679?
6
What is the hundreds digit of 1256?
2
What is the hundreds digit of 703?
7
What is the hundreds digit of 5443?
4
What is the thousands digit of 8778?
8
What is the tens digit of 5043?
4
What is the hundreds digit of 42079?
0
What is the thousands digit of 43010?
3
What is the thousands digit of 1743?
1
What is the units digit of 1657?
7
What is the units digit of 16100?
0
What is the hundreds digit of 17171?
1
What is the tens digit of 1027?
2
What is the thousands digit of 8030?
8
What is the thousands digit of 1870?
1
What is the hundreds digit of 18577?
5
What is the hundreds digit of 1225?
2
What is the units digit of 537?
7
What is the hundreds digit of 2077?
0
What is the units digit of 939?
9
What is the tens digit of 2087?
8
What is the units digit of 3003?
3
What is the hundreds digit of 610?
6
What is the hundreds digit of 1262?
2
What is the thousands digit of 22146?
2
What is the tens digit of 968?
6
What is the tens digit of 3037?
3
What is the hundreds digit of 25132?
1
What is the units digit of 95?
5
What is the hundreds digit of 969?
9
What is the hundreds digit of 1781?
7
What is the thousands digit of 1886?
1
What is the hundreds digit of 26286?
2
What is the hundreds digit of 2537?
5
What is the hundreds digit of 7937?
9
What is the thousands digit of 3029?
3
What is the hundreds digit of 357?
3
What is the units digit of 23541?
1
What is the tens digit of 3855?
5
What is the ten thousands digit of 19911?
1
What is the units digit of 973?
3
What is the hundreds digit of 141479?
4
What is the thousands digit of 1923?
1
What is the thousands digit of 11279?
1
What is the tens digit of 8915?
1
What is the units digit of 1778?
8
What is the hundreds digit of 29306?
3
What is the hundred thousands digit of 156545?
1
What is the units digit of 9836?
6
What is the units digit of 2592?
2
What is the tens digit of 121810?
1
What is the units digit of 82269?
9
What is the tens digit of 1750?
5
What is the ten thousands digit of 55005?
5
What is the ten thousands digit of 15696?
1
What is the tens digit of 5555?
5
What is the tens digit of 13923?
2
What is the hundreds digit of 2640?
6
What is the units digit of 1214?
4
What is the units digit of 34686?
6
What is the tens digit of 126169?
6
What is the units digit of 4258?
8
What is the ten thousands digit of 89607?
8
What is the ten thousands digit of 15092?
1
What is the hundreds digit of 32566?
5
What is the units digit of 54356?
6
What is the ten thousands digit of 17247?
1
What is the units digit of 16506?
6
What is the thousands digit of 1476?
1
What is the units digit of 10208?
8
What is the ten thousands digit of 21584?
2
What is the units digit of 2003?
3
What is the units digit of 1360?
0
What is the tens digit of 1033?
3
What is the hundreds digit of 3563?
5
What is the units digit of 1609?
9
What is the units digit of 8972?
2
What is the units digit of 64751?
1
What is the tens digit of 265?
6
What is the tens digit of 54237?
3
What is the tens digit of 493?
9
What is the tens digit of 22319?
1
What is the hundreds digit of 5089?
0
What is the hundreds digit of 36382?
3
What is the units digit of 492?
2
What is the units digit of 21767?
7
What is the units digit of 22846?
6
What is the hundreds digit of 1590?
5
What is the units digit of 57661?
1
What is the units digit of 5136?
6
What is the hundreds digit of 20656?
6
What is the hundreds digit of 38193?
1
What is the tens digit of 10905?
0
What is the units digit of 2246?
6
What is the thousands digit of 9565?
9
What is the tens digit of 2867?
6
What is the tens digit of 105820?
2
What is the thousands digit of 9013?
9
What is the hundreds digit of 72215?
2
What is the thousands digit of 2914?
2
What is the units digit of 1199?
9
What is the units digit of 6894?
4
What is the units digit of 302?
2
What is the